156 + -73. Let d(a) = -2*a**3 + 26*a**2 + 66*a - 518. What is the remainder when y is divided by d(14)?
13
Let s = -577 + 579. Suppose -s*b - c + 64 = 0, -3*b + 134 = -3*c + 29. Calculate the remainder when 94 is divided by b.
28
Suppose 56*r - 57*r + 100 = 2*p, 3*p - 3 = 0. What is the remainder when r is divided by 96?
2
Suppose 679 + 384 = 4*m + 5*g, -2*m = -4*g - 512. Calculate the remainder when m is divided by (106/(-4))/((-2)/4).
50
Let k(o) = o**3 - 18*o**2 + 80*o + 49. Suppose 2*h + h = 69. What is the remainder when k(9) is divided by h?
17
Suppose 2*i = -3*z + 127, 0 = 118*z - 116*z - 2*i - 88. Let a be ((-14)/4 - 2)*-8. Suppose s - a = -3*s. Calculate the remainder when z is divided by s.
10
Let j(g) = 2*g**2 + 35*g + 165. Let p be j(-17). Let u = p - 135. Let q(l) = -l + 48. Calculate the remainder when q(0) is divided by u.
9
Suppose 4*p - 14334 + 3346 = 0. Calculate the remainder when p is divided by 914.
5
Suppose -5*c = -n - 73, 2*n + 0*n - 34 = -2*c. Suppose c*q - 474 - 276 = 0. What is the remainder when q is divided by 50?
0
Suppose -7*j + 2*j = -490. Let h(x) = 4*x**3 - 15*x**2 - 52*x + 8. Calculate the remainder when j is divided by h(6).
18
Let k(d) = -4*d**3 + 419*d**2 + 104*d + 265. Calculate the remainder when 337 is divided by k(105).
17
Let n(z) = -5*z - 64. Let r be n(-29). What is the remainder when 102 is divided by 4/(-18) + 4311/r?
49
Suppose -z + 102 + 178 = 0. Suppose j - 5*b + 14 = 66, z = 5*j - 5*b. What is the remainder when 152 is divided by j?
38
Suppose 144 = 4*u - 140. Let b(w) = -16*w + 551. Calculate the remainder when u is divided by b(32).
32
Suppose -260*s + 97557 = -68063. Calculate the remainder when s is divided by 83.
56
Let o(h) be the second derivative of -h**5/20 - h**4 + 13*h**3/3 - 9*h**2/2 + h + 65. What is the remainder when 75 is divided by o(-14)?
18
Let f(k) = -3*k - 26. Suppose 379 + 47 = 3*j. Let u be j/(-639) - (106/9 - 0). What is the remainder when 29 is divided by f(u)?
9
Let b(s) = 3*s**3 + 7*s**2 - 4*s - 5. Let p = -25 + 29. Suppose p*o = -5*y + 114, 65 = 2*o + 5*y + 3. What is the remainder when o is divided by b(-2)?
5
Let r be ((-5)/3*-7)/((-30)/(-90)). Suppose -5*g - 3*k = -154, -r = -2*g + g - 2*k. Calculate the remainder when g is divided by 16.
13
Let m = 282 - -64. Calculate the remainder when m is divided by 87.
85
Let j = -17988 + 18033. Suppose -5*w + 51 = 4*m, -7 - 1 = -2*m. What is the remainder when j is divided by w?
3
What is the remainder when 231 is divided by -38 + 37 - -122*(1 + 0)?
110
Suppose -2*i = 6, -3*i = -0*t - 3*t + 87. Suppose -4*r = 3*v - 27, 0 = 5*v - 5*r + 8*r - 45. What is the remainder when t is divided by v?
8
Let s(j) = 2*j**2 - 107. Calculate the remainder when 355 is divided by s(8).
19
Let a = -9084 + 9246. Calculate the remainder when 810 is divided by a.
0
Let j(v) be the second derivative of -v**3/6 + 115*v**2/2 + 134*v. Calculate the remainder when j(13) is divided by 30.
12
Suppose 5*d - 15915 = 3*q, -q + 237 - 242 = 0. Calculate the remainder when d is divided by 74.
72
Suppose 0 = 7*d + 4*d - d. Suppose -9*g + 7*g + 34 = d. Suppose 0 = 5*y - 113 - g. Calculate the remainder when y is divided by 14.
12
Suppose -5*g - 460 = -4*y, 4*y - 5*g = 2*y + 220. Let j = 61 - y. Let i = j + 97. Calculate the remainder when 75 is divided by i.
37
Suppose 5*n - 71 = -3*h, 2*h - 69 = 5*n - 5. Calculate the remainder when 213 is divided by h.
24
Calculate the remainder when 209 is divided by (-13 + (-132)/(-24))*-2.
14
Let j = -45 + 65. Let z(a) = 10*a + 19. Let n be z(7). Let f = n - 52. What is the remainder when f is divided by j?
17
Let z(p) = -p**2 + 9*p + 74. Let g be z(14). Suppose g*n + 4*t = 780, 0 = -4*n - t + 170 + 613. What is the remainder when n is divided by 55?
31
Let l(w) = 2*w**3 + 22*w**2 + 9*w + 8. Suppose 28 = 20*z + 228. Let k = -21 - -51. Calculate the remainder when l(z) is divided by k.
28
Let m(t) = t**2 - 2*t + 5. Let r be m(5). Suppose -2704 = 4*f - r*f. What is the remainder when f is divided by 29?
24
Let m(a) = a**3 + 53*a**2 + 541*a + 165. Calculate the remainder when m(-39) is divided by 33.
30
Let z(i) = -i**3 + 6*i**2 - i + 8. Let k be z(7). Let p = -159 - -164. What is the remainder when 2/((-2 - 0) + k/(-23)) is divided by p?
3
Suppose -33*y + 11*y = -342 - 318. Calculate the remainder when 281 is divided by y.
11
Calculate the remainder when 9963 + (10/(-4) - 0)/((-215)/86) is divided by 172.
160
Suppose 278 = -q + 3*q. Calculate the remainder when q is divided by 17228/(-1770)*105/(-14).
66
Let r(a) = -42*a - 703. What is the remainder when 21 is divided by r(-17)?
10
Let g = -189 - -191. Calculate the remainder when 17 is divided by g + (7 + 0)*(-39)/(-91).
2
Suppose x - 2*g - 963 = 0, x + 52*g - 47*g = 921. Calculate the remainder when 2863 is divided by x.
10
Let d(o) be the third derivative of o**5/60 + 5*o**4/12 + 11*o**3/6 - 107*o**2. Calculate the remainder when d(13) is divided by 15.
10
Calculate the remainder when 2507 is divided by 9464/780 - (2 - (-56)/(-30)).
11
Let o(t) = 6*t + 627. Calculate the remainder when 97 is divided by o(-94).
34
Let r = 7 - -4. What is the remainder when ((-4)/(-14) + 7320/(-189))*981/(-218) is divided by r?
8
Let g(y) = 22*y**2 + 39*y + 83. What is the remainder when 1021 is divided by g(-2)?
91
Suppose -1015 = -136*g - 64*g + 2585. Calculate the remainder when 173 is divided by g.
11
Suppose -14*o + 110 = -9*o. Let u = 44 - o. Let q = u - 8. What is the remainder when 51 is divided by q?
9
Let b(w) = -2 + 3*w - 2*w - w**2 - 4*w**3 + 21*w**3. Suppose -u = -4*s + 1, -17*u - 11 = -5*s - 19*u. Calculate the remainder when 164 is divided by b(s).
14
Suppose 17 = 2*a - 2*h - 21, -17 = -a - h. Let i = -164 + 231. Suppose i*m = 65*m + 174. What is the remainder when m is divided by a?
15
Let m be (-2)/((-4)/(-10)*15/(-9)). Suppose 2*o - 323 = m*c - 1378, 2*o - 4 = 0. Calculate the remainder when c is divided by 6.
5
Let h = 25 + 22. Let u = h + -9. Let a(n) = 4*n**2 + 16*n - 18. Calculate the remainder when a(-8) is divided by u.
34
Let q(i) = i**3 + 14*i**2 + 39*i + 56. Let j = -10 - -29. What is the remainder when q(-9) is divided by j?
15
Let c = 8598 + -6586. Calculate the remainder when c is divided by 2004.
8
Suppose 7932 + 9060 = 58*o + 86*o. Calculate the remainder when 699 is divided by o.
109
Suppose 11*i - 31*i + 10340 = 0. Suppose 510*z = i*z - 329. Suppose 0 = 4*d - 27 - 17. Calculate the remainder when z is divided by d.
3
Let c be 21/(-4) - 66/88. What is the remainder when (440/c - -2)*(-30)/20 is divided by 22?
19
Let j(d) = -14*d**3 + d**2 - d - 1. Calculate the remainder when (2/2 + 0 - -1)/(393/11004) is divided by j(-1).
11
Suppose -2*k = 5*f - 96, -7*f = k + 2*k - 145. What is the remainder when 2169 is divided by k?
49
Suppose 0 = -5*o + 3*o. Suppose o = 80*x - 84*x + 7296. What is the remainder when 92 is divided by 6/10 + x/60?
30
Calculate the remainder when -2 - (-2608)/10 - 19/(-19 + -76) is divided by 65.
64
Suppose -12128 - 23135 = -61*j + 1703. What is the remainder when j is divided by 158?
132
Suppose 4*i + 5*v - 9189 = 0, -4671 - 4508 = -4*i - 3*v. What is the remainder when i is divided by 8?
3
Suppose 5*t = -25, -2*j + 3*t + 21 + 36 = 0. Let u(f) = -2*f**2 + 43*f + 36. What is the remainder when u(j) is divided by (60/9)/((-12)/(-18))?
7
Let q(g) = g**2 - 15*g - 744. Calculate the remainder when q(40) is divided by 70.
46
Suppose 5*x + 15 = -t - 0, -3*x + 5*t - 37 = 0. Calculate the remainder when 5 + (-14)/4 - 122/x is divided by 11.
10
Let n(l) = 20*l - 6. Let w(h) = h**3 - 10*h**2 + 10*h - 8. Let p be w(9). Calculate the remainder when n(p) is divided by 8.
6
Suppose 2*t = -3*w + 837, 0 = -6*w + 8*w - 4*t - 542. Let d(o) = o**3 + 12*o**2 - o + 8. What is the remainder when w is divided by d(-12)?
17
What is the remainder when 9130 is divided by -3 - -10 - (7 + -12)?
10
Let h = 4750 + -4363. Calculate the remainder when h is divided by 100.
87
Let w = 3 + -451. Calculate the remainder when 6 is divided by (12/(-14))/(96/w).
2
Let u = 25 + 2. Let q be 41*(3/(-2))/(18/(-12)). Suppose 106 = 42*t - q*t. What is the remainder when t is divided by u?
25
Suppose 8*x - 1489 = 135. Let w = x - 192. Calculate the remainder when w is divided b